r of 59 and 28261?
59
Calculate the highest common divisor of 2453487 and 87.
87
Calculate the highest common divisor of 91428 and 228.
228
What is the highest common divisor of 231 and 140700?
21
What is the highest common divisor of 2812 and 32756?
76
What is the highest common factor of 8 and 11014?
2
Calculate the greatest common divisor of 15285568 and 64.
64
What is the greatest common factor of 3420 and 1139620?
380
Calculate the greatest common factor of 35280 and 6768.
144
Calculate the highest common factor of 2 and 142586.
2
Calculate the greatest common divisor of 294 and 263.
1
What is the highest common divisor of 4255 and 87860?
115
What is the greatest common divisor of 577 and 37?
1
What is the highest common divisor of 2665 and 139810?
205
Calculate the greatest common divisor of 35510 and 6890.
530
Calculate the highest common factor of 45 and 25215.
15
What is the greatest common divisor of 1664 and 141952?
128
What is the highest common divisor of 62 and 101029?
31
Calculate the greatest common divisor of 148480 and 1450.
290
Calculate the highest common divisor of 6852 and 84.
12
What is the highest common divisor of 1444 and 12?
4
What is the greatest common factor of 3 and 130551?
3
Calculate the highest common divisor of 8835 and 105.
15
Calculate the greatest common divisor of 400 and 96600.
200
Calculate the greatest common divisor of 25 and 18065.
5
Calculate the greatest common factor of 1677936 and 64.
16
What is the highest common factor of 47318 and 1203?
401
What is the highest common factor of 1903 and 189781?
173
Calculate the greatest common factor of 11 and 162041.
11
What is the greatest common divisor of 432 and 21816?
216
What is the highest common divisor of 2704 and 21866?
26
What is the greatest common divisor of 272426 and 464?
58
What is the greatest common factor of 369 and 1152633?
123
What is the highest common factor of 2245 and 10?
5
Calculate the greatest common factor of 6956 and 3572.
188
What is the greatest common factor of 6192 and 456?
24
Calculate the highest common divisor of 43798 and 8616.
718
What is the highest common divisor of 80882 and 1184?
74
Calculate the highest common factor of 1662976 and 1102.
58
Calculate the greatest common divisor of 20230 and 420.
70
What is the greatest common divisor of 309100 and 22?
22
What is the highest common factor of 3627 and 18693?
279
Calculate the greatest common divisor of 9 and 23607.
9
Calculate the greatest common factor of 105 and 2240.
35
Calculate the highest common factor of 15 and 34205.
5
What is the greatest common factor of 1679695 and 95?
95
Calculate the highest common divisor of 6908856 and 872.
872
What is the greatest common factor of 15380 and 70?
10
What is the highest common factor of 3726873 and 9?
9
Calculate the highest common divisor of 104 and 3341.
13
Calculate the highest common divisor of 3786090 and 33.
33
Calculate the highest common divisor of 77 and 3556399.
77
Calculate the greatest common factor of 714791 and 77.
77
Calculate the highest common divisor of 14061 and 8175.
327
Calculate the highest common factor of 36476 and 1177.
11
What is the greatest common factor of 21432 and 120?
24
Calculate the greatest common factor of 2098 and 32.
2
What is the highest common divisor of 441 and 808010?
49
What is the highest common factor of 513288 and 2376?
72
What is the greatest common factor of 324659 and 97?
97
What is the highest common factor of 26015 and 172?
43
What is the greatest common factor of 120258 and 153?
153
Calculate the highest common factor of 8199 and 36.
9
Calculate the highest common factor of 950 and 18145.
95
What is the greatest common divisor of 8 and 477784?
8
Calculate the highest common divisor of 7540 and 201240.
260
Calculate the highest common factor of 7187 and 3.
1
What is the highest common factor of 47861 and 12366?
229
Calculate the greatest common factor of 658 and 153643.
329
What is the highest common divisor of 380 and 246164?
76
Calculate the highest common factor of 48 and 3853104.
48
Calculate the highest common factor of 7079 and 11.
1
Calculate the greatest common divisor of 84 and 1090698.
42
What is the greatest common factor of 63 and 1410066?
63
What is the highest common divisor of 237 and 1439775?
237
What is the greatest common factor of 165 and 13519?
11
Calculate the highest common factor of 3160 and 1160.
40
What is the greatest common divisor of 14453 and 4768?
149
Calculate the highest common divisor of 624 and 171132.
156
Calculate the greatest common factor of 3664 and 2329388.
916
What is the greatest common divisor of 271368 and 360?
72
What is the greatest common divisor of 48 and 62464?
16
What is the greatest common factor of 104 and 54574?
26
Calculate the highest common factor of 23584 and 71456.
352
What is the highest common divisor of 27 and 877257?
27
Calculate the highest common divisor of 115938 and 146718.
1026
Calculate the greatest common factor of 539064 and 16.
8
Calculate the highest common divisor of 1921 and 2210.
17
Calculate the greatest common factor of 1206777 and 1144.
143
Calculate the greatest common divisor of 27 and 166653.
9
What is the highest common factor of 30 and 127270?
10
Calculate the greatest common factor of 35247 and 6064.
379
Calculate the greatest common divisor of 33470 and 40.
10
Calculate the highest common factor of 115 and 1238297.
23
Calculate the greatest common factor of 13960 and 660.
20
What is the greatest common divisor of 5469747 and 111?
111
Calculate the greatest common factor of 18 and 101799.
9
Calculate the greatest common divisor of 2211305 and 740.
185
Calculate the highest common factor of 100 and 7820.
20
What is the highest common divisor of 351317 and 226?
113
Calculate the highest common divisor of 10257 and 1950.
39
Calculate the highest common divisor of 15522 and 1014.
78
What is the greatest common factor of 1488 and 1356?
12
What is the highest common factor of 40 and 124060?
20
Calculate the greatest common factor of 20 and 13872.
4
Calculate the highest common factor of 121 and 2816.
11
Calculate the highest common factor of 2929 and 10643.
29
Calculate the highest common divisor of 669 and 454251.
669
What is the greatest common divisor of 26 and 131885?
13
Calculate the greatest common factor of 218731 and 689.
53
What is the greatest common factor of 1832798 and 2202?
734
What is the greatest common divisor of 114 and 91998?
114
What is the highest common factor of 55115 and 1460?
365
Calculate the highest common divisor of 20580 and 17885.
245
Calculate the greatest common divisor of 774 and 1915134.
258
Calculate the greatest common factor of 60781 and 16226.
133
Calculate the highest common divisor of 7302546 and 828.
414
What is the highest common divisor of 28 and 19509?
7
Calculate the greatest common divisor of 6060 and 1335624.
1212
What is the highest common factor of 96715 and 3105?
115
Calculate the highest common divisor of 24 and 108.
12
Calculate the greatest common factor of 962 and 25493.
481
What is the greatest common factor of 500 and 4880?
20
Calculate the greatest common divisor of 5026 and 791954.
718
What is the greatest common divisor of 125286 and 1767?
57
What is the highest common factor of 42624 and 60?
12
What is the greatest common factor of 29627 and 215?
43
What is the highest common factor of 680790 and 105?
15
Calculate the greatest common factor of 1294256 and 3680.
368
Calculate the highest common divisor of 33 and 392799.
33
What is the greatest common factor of 351052 and 860?
172
Calculate the greatest common divisor of 1358163 and 36.
9
What is the highest common divisor of 27554 and 230016?
1198
Calculate the greatest common divisor of 13590 and 70.
10
Calculate the highest common divisor of 684 and 156.
12
Calculate the highest common factor of 79235 and 2120.
265
Calculate the highest common divisor of 410 and 221974.
82
What is the highest common factor of 2440 and 6040?
40
What is the highest common factor of 98 and 165424?
98
Calculate the highest common divisor of 7089 and 118011.
417
Calculate the highest common factor of 1845 and 1600.
5
What is the greatest common divisor of 1364 and 737?
11
What is the greatest common fa